. Determine w(1).
-6
Let d(g) = -g**3 + 13*g**2 + 3*g - 37. Let h be d(13). Let i(n) = -51 - 3*n**h + 55 - 23*n + 22*n. Calculate i(-2).
-6
Let m(w) = -w - 1. Let o(v) = 4*v - 6*v**2 - v**3 - v**2 + 2 + 6*v**2. Let l(c) = -m(c) + o(c). Suppose -10*i - 17 = 13. Determine l(i).
6
Suppose b = 2*w + 10, 36*b - 39*b = 3*w + 51. Let h(i) = 13*i - 7. What is h(w)?
-124
Let b(y) = -1 - y**2 - 2*y**2 + 2. Let c be ((-8675)/225 + 39)/(2/(-9)). What is b(c)?
-11
Let x(g) = 174*g**2 + 10*g - 70. Let o(y) = -36*y**2 - 2*y + 14. Let f(j) = 24*o(j) + 5*x(j). Calculate f(3).
46
Let k(d) be the second derivative of -d**5/5 - d**4/2 + d**3/2 - 1362*d. Determine k(-3).
45
Let p(s) = s**2 - 4*s + 5. Let l be (8/(-12))/(4/78). Suppose 27*a = 29*a + 34. Let g = l - a. Determine p(g).
5
Let l(h) be the second derivative of -h**5/20 - h**4/3 + 2*h**3/3 - 5*h**2/2 - 2*h. Suppose -x - 3*r - 1281 = -1270, 4*r = -x - 13. What is l(x)?
0
Let q = 71 + -66. Suppose 0 = -4*z + q*o + 30, 5*o - 9*o - 8 = 0. Let c(x) = 17*x**2 + z - x**3 - 36*x**2 + 14*x**2. Determine c(-5).
5
Let q = 5951 + -5937. Let l(p) = -5*p + 25. Calculate l(q).
-45
Let z(q) be the third derivative of -q**7/2520 - q**6/720 - q**5/120 + q**4/2 + q**3/6 + q**2 + 53. Let k(m) be the second derivative of z(m). Determine k(0).
-1
Let k(g) = 31*g**3 + 7*g**2 + 6*g + 39. Let q(w) = 88*w**3 + 20*w**2 + 17*w + 115. Let y(z) = 17*k(z) - 6*q(z). Calculate y(-4).
21
Let z(j) = 5*j**2 + 3*j + 7. Let m(s) = 6*s**2 + 4*s + 8. Let u(l) = -6*m(l) + 7*z(l). Let i = 267 + -270. What is u(i)?
1
Let c = 61 - 63. Let i(q) = 20*q - 2 + 2 + 2 - 21*q. Give i(c).
4
Let h(m) = -m**3 - 5*m**2 + 5*m + 6. Let i(w) = 2*w**2 + w - 7. Let p be i(2). Suppose -1362 = -p*g - 1380. Determine h(g).
12
Let r(n) be the second derivative of -n**4/12 + 5*n**3/3 + 65*n**2/2 - 3*n - 117. Determine r(14).
9
Let m(j) = -3*j**2 + 40. Let t(d) = 133*d**2 + 2*d - 137*d**2 - 3*d + d + 43. Let z(l) = 3*m(l) - 2*t(l). Calculate z(0).
34
Suppose 0*r - 44 = -2*x + 4*r, 3*x = -2*r + 106. Suppose x = -20*t + 24*t. Suppose 27 + t = -5*p. Let n(f) = -f**3 - 6*f**2 + 6*f - 10. Determine n(p).
-3
Let o be 60/(-7)*(-4 + (-836)/8). Let l(t) = 930*t + 7*t**2 - o*t. Let d be 1/6 + (750/(-36))/(-25). Determine l(d).
7
Let h(o) = -o - 9. Suppose -2*j - 448 = -4*w, -5*j - 1060 = -w + 33. Let f = j + 214. Give h(f).
-5
Suppose 13*r + 9 = 22. Let v(m) = m + 1. Let i(a) = 2*a + 2. Let c(w) = r*i(w) - v(w). Let k be c(-7). Let n(j) = -j + 1. What is n(k)?
7
Suppose 0 = -p - 3*p - 8. Suppose 50*z = 46*z + 8. Let b(a) = 4*a + 7*a**2 - 5*a - 43*a**3 - 5*a**z - 41*a**3 + 85*a**3. Calculate b(p).
2
Let s(q) be the second derivative of -5*q**3/2 + 15*q**2 - 9204*q. Determine s(5).
-45
Let x(h) = h**2 + 36*h + 1. Let l(a) = 78*a + 8. Let s(g) = -l(g) + 2*x(g). Let f(p) = -p**2 - 8*p - 3. Let j be f(-9). Let w = -7 - j. What is s(w)?
14
Let q(u) be the third derivative of -u**4/24 - 7*u**3/3 - 18*u**2 - 13. Determine q(-5).
-9
Let t(d) be the first derivative of d**2/2 + 27*d - 3053. Calculate t(14).
41
Let c(u) = u - 11. Let j(k) = -16*k**2 + 2*k + 6. Let r(z) = -4*z + 14. Let x be r(3). Let v be j(x). Let s = -44 - v. What is c(s)?
-1
Let v(i) be the first derivative of -i**5/60 + 3*i**4/8 - i**3/2 - i**2 - 3*i - 38. Let d(a) be the second derivative of v(a). Give d(7).
11
Let c(a) = 5*a**3 + a**2 - 2*a + 1. Let w(x) = 17*x**3 + x**2 - 7*x + 4. Let p(j) = 7*c(j) - 2*w(j). Give p(-5).
-1
Let g be 0/(3 - ((-16)/(-4) + -2)). Let j(t) = 4 + 2 + g - 7 - 2*t**2 - 3*t. Calculate j(-3).
-10
Let a(f) = f**3 + 2*f**2 + 2. Let s(w) = 3*w**2 + 2*w. Let y(z) = -2*a(z) + s(z). Calculate y(-2).
4
Let f(c) = -6*c - 20. Suppose 7*a + 23*a = -120. Calculate f(a).
4
Suppose 0 = 3*n + 260 + 112. Let a = 87 + n. Let f = a + 30. Let q(x) = -x**2 - 6*x - 2. Give q(f).
-9
Let t(y) be the first derivative of -18*y**2 + 4*y + 3303. Determine t(-3).
112
Let i(l) be the second derivative of -l**5/20 - l**4/4 - l**3 - 3*l**2 + 242*l - 1. Determine i(-3).
12
Let w = 15178 + -15196. Let s(q) = -9*q - 9. Give s(w).
153
Let h(u) = u**2 + 11*u + 20. Let r = -157 - -149. Give h(r).
-4
Let s(y) = y**3 + 9*y**2 - 8*y - 2. Suppose 7*l - 573 = 72*l + 77. Give s(l).
-22
Let f(c) = -10*c + 2. Let n(d) = d + 16 + 16 - 31 + 0*d. Let i(w) = f(w) - n(w). Calculate i(-1).
12
Let j(g) = -g**3 + 7*g**2 + 15*g - 95. Suppose -5*b = 5*t - 70, t = -4*b + 8 + 27. What is j(t)?
10
Let d(w) be the third derivative of w**7/840 - w**6/60 - w**5/120 - w**4/8 - 77*w**3/3 + 4*w**2 - 9*w. Let o(z) be the first derivative of d(z). Give o(6).
-9
Let c(w) = 2*w + 2. Let x be c(0). Let l = -132 - -252. Let k(o) = -39*o**3 + l*o**3 - 43*o**3 + o - 40*o**3 + 2. Determine k(x).
-12
Let z(y) = 5383*y**2 - 1341*y**2 - 1348*y**2 - 1349*y**2 - 1346*y**2 + 6. Suppose -3 = 4*m - 3*m. Give z(m).
-3
Let l(t) = -2*t**3 + 5*t**2 + t. Let y(w) = w**3 - w**2. Let g(c) = l(c) + 5*y(c). Let m be 25/23 + 592/(-6808). Give g(m).
4
Let s(u) = -1 + 23*u**2 - 12*u**2 + 28*u - 13*u**2 - 2. Calculate s(14).
-3
Let m(n) = n**3 - 4*n**2 - 3*n - 4. Let b(h) = h**2 + 17*h - 22. Let a be b(-17). Let t = a - -37. Suppose 15*z - t = 12*z. Calculate m(z).
6
Let c(u) = -831*u**2 + 10*u + 4. Let y(o) = 665*o**2 - 9*o - 3. Let l(z) = -4*c(z) - 5*y(z). Let i(r) = r**3 + 3*r**2 + 2*r + 2. Let k be i(-2). Calculate l(k).
5
Suppose -5*w + m = -16, -3*w + m = -3 - 7. Let f(x) = 0 - 27*x**2 + w + 30*x**2 - 2 - x. Let p be -3 + 0 + 0 - -4. Determine f(p).
3
Let j be (1 + (-4)/(-20))/((-7)/(-105)). Suppose 2*y = -0*y - j. Let v(k) = -k + 2. Give v(y).
11
Let p(x) = -x**3 + 8*x**2 + 4. Let g be p(8). Suppose -v + 3 = -0, g*n = v - 11. Let i be 0/((-3 - n)/1). Let d(l) = l**3 + l**2 + l - 4. Calculate d(i).
-4
Suppose n + 3*n - 24 = 0. Let j be -10 + n - (-11 - -1). Let q(f) = 7 + 7*f**2 - 1 - j + 1. Determine q(1).
8
Let w(m) = -5*m. Let z be w(-1). Let v(c) be the second derivative of -5*c**3/6 + 7*c**2 + 99520*c. Calculate v(z).
-11
Let d(l) = l**3 - 4*l**2 - 4*l + 3. Let v be (((-35)/14)/1)/(2/(-4) + 0). Give d(v).
8
Let z(a) = 8*a + 3847 - 1993 - 1975 + 5*a + 5*a. Give z(7).
5
Let y(p) = -7*p - 27. Suppose 3*x = -12, 3*t + 3*x - 175 + 211 = 0. Determine y(t).
29
Let k(h) = -h**3 + 18*h**2 + 18*h - 2. Let w = -10065 + 10084. What is k(w)?
-21
Let b(t) = 2*t**2 + 1. Suppose 0 + 56 = 4*a + 2*l, -5*a = -4*l - 44. Suppose -4*o - 20 + a = 0. Determine b(o).
9
Let f(j) = -2*j**2 + 8*j - 1. Suppose 5*i + 64 = 13*i. Suppose -i*u + 6*u - 10 = 0. Let t(z) = -z**2 + 4*z. Let b(g) = u*t(g) + 3*f(g). Give b(5).
-8
Let s(a) = a - 12. Suppose 36 - 31 = u - g, -5*g - 10 = 0. Suppose -2*f - t + 7 = 0, -8*f - t = -u*f - 25. Give s(f).
-6
Let s(q) = -q**2 + 8. Let t(g) = 24*g + 651. Let v be t(-27). Let l = 7 - -2. Suppose l = v*f, 2*b = 6*f - f - 15. What is s(b)?
8
Let l(f) = f**3 - 69*f**2 - 110*f + 60. Let k(q) = 14*q**2 + 22*q - 12. Let b(n) = -11*k(n) - 2*l(n). Let h be b(-6). Let g(z) = z**3 + z + 17. Determine g(h).
17
Suppose -2*v + 16 = 2*i, -45*i - 3*v = -40*i - 52. Let f(j) = -j**3 + 13*j**2 + 12*j - 18. Give f(i).
-46
Suppose 5*u - 20 = r, u = -4*u + 2*r + 25. Suppose -4 = -c - u. Let m(q) = -2*q**2 - q + 1. Determine m(c).
-2
Suppose -26*c - 25 = -30*c - d, 5*c + 2*d = 29. Let s(z) = 1 - 18*z + 4*z**2 + 9 - 14*z**2 - c*z**2 - 6 + z**3. Calculate s(18).
4
Let q = -17 + 22. Suppose -12 = -2*k + q*k. Let s(x) = 3*x**2 + 5*x + 1. Let d(z) = 7*z**2 + 10*z + 3. Let i(t) = 2*d(t) - 5*s(t). Give i(k).
5
Suppose -x + 3*x = 5*z + 30, 4*x = -3*z - 18. Let r(v) = v**3 + 5*v**2 - 6*v. Give r(z).
0
Let k(d) = -111*d - 163. Let c(r) = 41*r + 54. Let s(v) = 8*c(v) + 3*k(v). Give s(-10).
-7
Let x(i) = i. Let k(z) = 22. Let j(l) = -l - 4. Let h(q) = -j(q) - k(q). Let v = -8 - -27. Let r be h(v). Determine x(r).
1
Let b(f) = 4*f + 5. Let o be (-1)/(-4)*(0 + 132). Suppose o*y = 24*y. Suppose y = 4*m - 34 + 18. What is b(m)?
21
Let f(v) = -14*v**3 - 407*v**2 + 2 - 2*v + 61*v**3 - 35*v**3 + 401*v**2 - 13*v**3 - 1. Suppose t = -0*t. Suppose 0*i + 2*i + 12 = t. Calculate f(i).
13
Let k(v) = 337674*v - 337719*v + 27 + 412. Calculate k(10).
-11
Let m(u) = -53*u - 11. Let o be m(3). Let y = o - -175. Let a(i) be the first derivative of -i**3/3 + 4*i**2 - 7*i + 1. Give a(y).
8
Let i(t) = 2*t**2 + 12*t - 16. Let